1
What is -102017 (base 8) in base 5?
-2040212
What is 22343034 (base 5) in base 10?
199769
Convert -11121003303 (base 4) to base 16.
-1590f3
Convert 2731815 (base 9) to base 8.
5554323
Convert -63207 (base 11) to base 10.
-92088
What is 356768 (base 12) in base 9?
1552838
What is 1212110013 (base 4) in base 11?
266951
What is -251505440 (base 7) in base 10?
-15850940
What is -ac87a (base 15) in base 7?
-4443415
Convert -b8312 (base 13) to base 8.
-1210755
What is -10000001010101110 (base 2) in base 12?
-323a6
What is 105454361 (base 7) in base 6?
345522145
What is 122144220 (base 7) in base 9?
15387206
40202423 (base 5) to base 10
319113
-101111001100000111 (base 2) to base 7
-1433343
What is 1350316 (base 13) in base 4?
113031112303
What is 249aa (base 12) in base 6?
1022334
Convert -44505 (base 11) to base 14.
-19710
-34105113 (base 6) to base 8
-3746105
-112111111200202 (base 3) to base 13
-179a6b0
Convert -1189b7 (base 14) to base 6.
-20510153
-1389b9 (base 12) to base 7
-2526213
Convert -1b789 (base 12) to base 10.
-40857
2ad73 (base 14) to base 11
73371
Convert 220062 (base 14) to base 4.
10121120312
Convert -55005 (base 8) to base 5.
-1214140
332443232 (base 6) to base 4
112323002210
What is -42109 (base 11) in base 13?
-21c09
Convert 243100 (base 16) to base 15.
31cb7a
What is 13001323003 (base 4) in base 9?
3417857
What is -11000000111011111111 (base 2) in base 11?
-49a819
6536703 (base 9) to base 6
203111050
-212332100020 (base 4) to base 10
-10216456
What is -304321113 (base 5) in base 6?
-42404342
What is -2320140120 (base 5) in base 8?
-23772343
What is 536565 (base 7) in base 12?
461b0
What is 17c111 (base 14) in base 9?
1520074
What is 8944065 (base 10) in base 13?
1b12060
What is 72210 (base 10) in base 2?
10001101000010010
-c5910c (base 13) to base 7
-54153234
Convert 110010110010101011 (base 2) to base 9.
346338
What is -553ac (base 16) in base 11?
-219314
Convert 24881 (base 11) to base 5.
2120123
What is 1702188 (base 10) in base 3?
10012110222000
What is 100111100100101110001100 (base 2) in base 7?
154114660
What is 150243434 (base 6) in base 8?
13650256
Convert 55232 (base 14) to base 9.
343811
Convert 201474 (base 9) to base 7.
1004401
213310221 (base 4) to base 5
20204423
-48370 (base 9) to base 16
-7e7e
Convert 27771573 (base 8) to base 15.
8432bb
-564510 (base 8) to base 5
-22101132
What is -313133423 (base 5) in base 6?
-43525243
Convert 10303423 (base 5) to base 13.
31084
258820 (base 13) to base 14
197801
-11210583 (base 9) to base 2
-10100110000000000111101
Convert -1187282 (base 9) to base 16.
-9e47d
Convert 234066 (base 8) to base 14.
211b0
What is -277750 (base 8) in base 5?
-11121110
-c6374 (base 15) to base 5
-130103114
Convert 2202110220220 (base 3) to base 9.
2673826
1825591 (base 12) to base 16
4cb6fd
-39232a9 (base 11) to base 15
-8e4253
Convert 171e9a6 (base 15) to base 8.
100070642
19748f (base 16) to base 7
20115446
Convert 60715 (base 12) to base 14.
33a01
-300015143 (base 6) to base 14
-9532bd
What is -1002210 (base 5) in base 2?
-11111000111010
What is 184286 (base 10) in base 9?
310712
-28a62 (base 14) to base 5
-11211310
176006 (base 8) to base 5
4031033
What is -24b02a (base 16) in base 7?
-26302616
What is -369936 (base 10) in base 2?
-1011010010100010000
Convert -1d9b84 (base 14) to base 12.
-433a34
46220305 (base 7) to base 14
771b3c
What is 61492 (base 13) in base 7?
1324222
What is 4295d5 (base 15) in base 4?
30012002102
What is -222201020212 (base 3) in base 7?
-4316633
What is -3594d5 (base 15) in base 4?
-21301222211
What is 4107356 (base 8) in base 7?
12136515
230423404 (base 5) to base 3
1221022200202
What is 12233 (base 8) in base 6?
40231
What is -1601bb (base 12) in base 13?
-101036
What is -24233411 (base 7) in base 16?
-20f474
Convert 1011111010110100100 (base 2) to base 3.
201211202100
Convert 5350063 (base 8) to base 9.
2617874
-317410 (base 8) to base 16
-19f08
What is -10210122100211 (base 3) in base 12?
-815204
950718 (base 10) to base 13
273972
-100101001101101010 (base 2) to base 16
-2536a
What is 110000110001101101 (base 2) in base 14?
52b49
Convert -1231310221 (base 4) to base 8.
-1556451
What is 4105511 (base 6) in base 4?
233301103
Convert -b2a74 (base 12) to base 13.
-82123
What is -33014443 (base 5) in base 11?
-183277
What is -40120533 (base 8) in base 3?
-120212021200002
What is 26a871b (base 13) in base 8?
56370251
102312100312 (base 4) to base 13
103cba9
Convert 53736 (base 8) to base 15.
69e9
What is -14114543 (base 6) in base 10?
-476703
Convert -122221110021202 (base 3) to base 8.
-44300051
What is 353556 (base 13) in base 7?
13513455
Convert -166110525 (base 7) to base 4.
-223212320001
133664 (base 9) to base 14
2198b
Convert -2110433234 (base 5) to base 10.
-4389819
-201013100 (base 4) to base 11
-929a2
Convert -201102010000 (base 3) to base 7.
-3150633
Convert -7c894 (base 13) to base 12.
-ab984
What is -12021122122202 (base 3) in base 5?
-1204322413
What is c481 (base 16) in base 3?
2120000011
What is -231224301 (base 5) in base 16?
-fdbde
-130861 (base 10) to base 7
-1053343
What is -1ba612 (base 14) in base 2?
-11110001011101101000
325371 (base 15) to base 10
2397031
Convert db1b (base 14) to base 7.
215234
-4542414 (base 6) to base 5
-24400044
Convert 2211351 (base 6) to base 16.
1afb3
What is 2002200111211 (base 3) in base 4?
10100121133
Convert -6931831 (base 11) to base 9.
-24730432
Convert 10110000001000011101 (base 2) to base 12.
2a95b9
What is 1130041114 (base 5) in base 9?
4763147
What is 92682e (base 16) in base 9?
20043678
351a5 (base 16) to base 7
1564065
What is 2278181 (base 11) in base 2?
1111001011010101001001
304740 (base 10) to base 11
198a57
-31301323 (base 4) to base 16
-dc7b
Convert -2709c (base 13) to base 9.
-120560
What is -101110310 (base 4) in base 13?
-263ba
What is -161238 (base 9) in base 4?
-120100031
What is 221121010133 (base 4) in base 11?
6141234
311240545 (base 6) to base 14
a02d7b
What is 46695 (base 13) in base 5?
13103222
Convert -166401 (base 11) to base 2.
-111110110101011000
What is -320393 (base 12) in base 3?
-1111001122010
Convert -230187 (base 10) to base 15.
-4830c
Convert 2b175 (base 15) to base 3.
21001021102
Convert 1270a70 (base 12) to base 2.
1101110110010011110100
What is 7e157 (base 16) in base 4?
1332011113
Convert 6137cd (base 15) to base 14.
883320
-1b09e (base 16) to base 6
-2212422
491382 (base 14) to base 3
11201001000121
8fbe (base 16) to base 8
107676
What is -10338763 (base 9) in base 13?
-1057761
-17642 (base 16) to base 6
-2015322
Convert 13a90c (base 13) to base 5.
110333404
Convert 48a856 (base 11) to base 5.
144310141
Convert 201b (base 13) to base 15.
1498
What is -a9325 (base 12) in base 16?
-3688d
Convert -222b6 (base 12) to base 13.
-1784a
What is 6135246 (base 7) in base 12?
2b3573
What is -202110130132 (base 4) in base 11?
-5095342
Convert -426000 (base 8) to base 7.
-1131655
What is 222616 (base 7) in base 6?
502241
Convert bd99b (base 16) to base 3.
1110110022002
-285566 (base 11) to base 12
-196516
What is -7374883 (base 9) in base 16?
-3c3930
-10023221234 (base 5) to base 13
-20b3c2a
Convert -2206601 (base 7) to base 16.
-423a1
ad5d9 (base 14) to base 12
183777
Convert 2b6275 (base 15) to base 14.
3c8015
Convert -113ce4a (base 15) to base 4.
-233012003323
Convert 6a538a (base 12) to base 7.
20350024
Convert 3157273 (base 8) to base 9.
1524887
Convert -131443214 (base 5) to base 13.
-19c801
What is -24706 (base 15) in base 6?
-2254323
Convert 20b9d (base 15) to base 5.
11310443
What is 517757 (base 9) in base 12?
129b74
What is 107214 (base 9) in base 4?
33231013
9185 (base 14) to base 9
37267
Convert 1044011 (base 7) to base 10.
128633
What is 9221323 (base 10) in base 2?
100011001011010011001011
Convert -4c7b7 (base 16) to base 13.
-ac78a
What is 665454 (base 7) in base 5?
12222243
1201211201 (base 3) to base 11
23723
d51ed (base 15) to base 6
22251024
What is 10100101001100010 (base 2) in base 12?
40b42
-323b16 (base 13) to base 4
-10133331032
Convert 202c702 (base 13) to base 16.
949831
-3230330 (base 4) to base 15
-475e
Convert 10121000 (base 5) to base 3.
11012100012
-210122002201 (base 4) to base 2
-100100011010000010100001
What is 1299a22 (base 11) in base 9?
4181753
W